t common divisor of 30 and 86794.
2
Calculate the greatest common divisor of 117 and 271908.
117
What is the greatest common divisor of 160 and 36288?
32
Calculate the highest common factor of 376 and 6048.
8
What is the highest common factor of 110 and 53680?
110
Calculate the greatest common divisor of 280 and 3465700.
140
Calculate the highest common divisor of 104 and 695292.
52
Calculate the highest common factor of 571528 and 24.
8
Calculate the highest common factor of 85185 and 24.
3
Calculate the greatest common factor of 184501 and 68.
17
What is the highest common factor of 16810 and 40?
10
Calculate the greatest common divisor of 83808 and 1440.
288
Calculate the highest common divisor of 970 and 1445.
5
Calculate the highest common divisor of 119 and 42653.
17
What is the highest common divisor of 550 and 240350?
550
Calculate the highest common divisor of 105 and 202695.
15
What is the highest common factor of 3862781 and 897?
299
What is the greatest common factor of 114 and 60591?
57
Calculate the highest common divisor of 61506 and 594.
54
Calculate the greatest common divisor of 34 and 48025.
17
What is the greatest common factor of 11 and 937673?
11
Calculate the highest common divisor of 32351 and 2482.
17
Calculate the highest common divisor of 860806 and 254.
254
Calculate the greatest common factor of 9175 and 44774.
367
What is the greatest common factor of 47354 and 6?
2
Calculate the greatest common factor of 92 and 2025196.
92
Calculate the greatest common divisor of 3572 and 14993.
47
What is the highest common divisor of 51 and 55080?
51
Calculate the greatest common divisor of 2516 and 208352.
68
Calculate the highest common divisor of 46866 and 282.
6
Calculate the greatest common factor of 120 and 52040.
40
Calculate the greatest common divisor of 121 and 5071.
11
Calculate the greatest common factor of 8559 and 1268.
317
What is the greatest common factor of 533 and 95056?
13
Calculate the highest common factor of 464 and 82186.
58
Calculate the highest common divisor of 1344 and 2856.
168
What is the highest common divisor of 9412 and 832?
52
Calculate the highest common factor of 4879 and 5474.
119
What is the greatest common divisor of 5199 and 9?
3
Calculate the greatest common factor of 35007 and 105.
21
What is the greatest common divisor of 26 and 4814?
2
What is the greatest common factor of 13689 and 78?
39
Calculate the highest common factor of 1546 and 1911629.
773
What is the greatest common factor of 1489532 and 194?
194
Calculate the greatest common factor of 652204 and 14.
14
Calculate the highest common divisor of 1337 and 889.
7
What is the greatest common factor of 645 and 10191?
129
Calculate the greatest common factor of 3828 and 13365.
33
Calculate the greatest common divisor of 684690 and 18.
6
What is the highest common factor of 72 and 165024?
72
What is the greatest common factor of 4356 and 1342?
22
What is the highest common divisor of 9198 and 288?
18
What is the greatest common factor of 24160 and 32?
32
What is the highest common factor of 85195 and 495?
55
What is the greatest common divisor of 2139 and 4485?
69
What is the greatest common factor of 940 and 305?
5
Calculate the greatest common divisor of 14712 and 864.
24
Calculate the highest common factor of 4 and 75776.
4
What is the greatest common factor of 715 and 2087371?
143
Calculate the greatest common factor of 1335498 and 618.
618
What is the highest common divisor of 234 and 1098?
18
What is the highest common divisor of 13869 and 3657?
69
Calculate the greatest common divisor of 27024 and 272.
16
Calculate the highest common divisor of 13 and 312793.
13
What is the greatest common factor of 7260 and 8870?
10
Calculate the greatest common factor of 2292936 and 24.
24
What is the greatest common divisor of 3763 and 46505?
71
What is the highest common divisor of 3924 and 3204?
36
Calculate the highest common divisor of 1488 and 816.
48
What is the greatest common factor of 1121123 and 421?
421
What is the greatest common factor of 522 and 297018?
522
Calculate the highest common divisor of 854 and 2744.
14
What is the greatest common divisor of 84312 and 120?
24
Calculate the greatest common factor of 609945 and 45.
15
What is the greatest common divisor of 21400 and 40?
40
What is the highest common factor of 3526 and 6364?
86
What is the highest common factor of 912 and 4644?
12
What is the highest common factor of 651 and 685224?
93
What is the greatest common divisor of 10 and 6170?
10
Calculate the highest common divisor of 7923 and 10545.
57
What is the highest common factor of 2654773 and 11?
11
What is the highest common factor of 904928 and 32?
32
Calculate the highest common factor of 47 and 3631361.
47
What is the greatest common factor of 10 and 283374?
2
Calculate the greatest common factor of 476 and 46886.
238
Calculate the highest common divisor of 436 and 557644.
436
Calculate the greatest common divisor of 3 and 959241.
3
Calculate the highest common divisor of 4197768 and 48.
24
Calculate the highest common factor of 39411 and 8091.
261
What is the greatest common divisor of 215 and 240?
5
What is the greatest common divisor of 150 and 30330?
30
What is the highest common factor of 823050 and 279?
279
Calculate the greatest common factor of 8 and 1496072.
8
What is the highest common factor of 30 and 510?
30
Calculate the greatest common divisor of 90736 and 42400.
848
What is the greatest common factor of 136738 and 182?
14
What is the greatest common factor of 3193 and 1751?
103
Calculate the highest common divisor of 2650 and 17650.
50
Calculate the highest common factor of 501 and 26219.
167
What is the highest common factor of 48015 and 1170?
45
Calculate the greatest common divisor of 276 and 7104.
12
What is the greatest common divisor of 11 and 1756271?
11
Calculate the highest common divisor of 7808130 and 297.
297
What is the highest common divisor of 21572 and 772?
4
What is the highest common factor of 184 and 2875?
23
What is the greatest common divisor of 1309 and 214137?
77
What is the greatest common factor of 89904 and 80?
16
What is the highest common divisor of 2844 and 1992933?
711
What is the greatest common divisor of 455584 and 2208?
736
Calculate the greatest common divisor of 60 and 140780.
20
Calculate the highest common factor of 19152 and 5922.
126
What is the greatest common divisor of 47680 and 1639?
149
What is the highest common divisor of 24640 and 462?
154
What is the greatest common divisor of 42476 and 1414?
14
Calculate the greatest common divisor of 117 and 2942901.
117
Calculate the greatest common divisor of 200 and 1144100.
100
Calculate the highest common divisor of 12805 and 17336.
197
What is the greatest common divisor of 6612 and 564?
12
Calculate the highest common divisor of 7146 and 6030.
18
Calculate the highest common divisor of 8800 and 207328.
352
Calculate the highest common divisor of 16 and 266576.
16
What is the highest common factor of 41305 and 220?
55
Calculate the highest common factor of 1213528 and 544.
136
Calculate the highest common divisor of 142800 and 56.
56
Calculate the highest common factor of 6494 and 20774.
34
What is the greatest common divisor of 68871 and 22?
11
What is the greatest common factor of 22744 and 8?
8
What is the greatest common factor of 37129 and 64195?
347
Calculate the highest common divisor of 39403 and 3897.
433
What is the highest common factor of 178 and 6497?
89
Calculate the greatest common factor of 1143 and 11223.
9
What is the highest common divisor of 327951 and 78?
39
Calculate the greatest common factor of 39492 and 60.
12
What is the greatest common factor of 174380 and 100?
20
Calculate the greatest common divisor of 28272 and 608.
304
What is the highest common divisor of 1112 and 26966?
278
What is the greatest common divisor of 12 and 121?
1
Calculate the highest common divisor of 67 and 104453.
67
Calculate the highest common divisor of 8303 and 44137.
437
What is the greatest common factor of 46053 and 1785?
357
Calculate the highest common factor of 13077 and 81.
9
What is the highest common factor of 320671 and 663?
221
Calculate the highest common factor of 423549 and 243.
243
Calc